6 = 0. Let o(j) = -4*j + 297. Calculate o(p).
1
Let m be ((4 - 45/(-18)) + -5)*-4. Let j(z) = z**3 + 7*z**2 + 6*z + 12. Give j(m).
12
Let y(m) = -5*m + 30. Suppose 36 = -3*s - 4*g, -6*s + 22*g = 24*g + 36. Calculate y(s).
50
Suppose -6*c = -12 - 0. Let s = 12 + -10. Let m(b) = -s + 9*b**c + 1 + 3 + b**3 + 5. What is m(-9)?
7
Let k(q) = -46*q - 4. Let d be k(3). Let b = d + 144. Let n(f) = -3*f + 3. What is n(b)?
-3
Let t(c) be the third derivative of -c**5/30 + c**4/8 - 7*c**3/6 + 54*c**2. Let j(r) = 2*r**2 - 3*r + 6. Let a(o) = 5*j(o) + 4*t(o). What is a(2)?
4
Let z(a) be the first derivative of a**4/4 + 8*a**3/3 + 4*a**2 - 11*a - 6897. Give z(-6).
13
Let w(o) = -6*o**2 + 15*o - 26. Let g(h) = -11*h**2 + 32*h - 53. Let i(z) = -4*g(z) + 7*w(z). Determine i(10).
0
Let c(l) = -14*l**2 + 291*l + 77. Let x(d) = -5*d**2 + 104*d + 25. Let o(w) = -6*c(w) + 17*x(w). Give o(21).
-16
Let w(m) = -m - 17. Suppose 0 = 5*c - 3*b - 536 - 1095, 5*c = -4*b + 1652. Let o = c + -337. Give w(o).
-8
Let g(o) = 2*o + 7. Suppose -3*t + 28 = -x + 149, 4*t = x - 161. Let p = -1365 + 1410. Let s = p + t. Calculate g(s).
17
Let n(y) = -3*y**2 - 21*y - 4. Let r(v) = v**2 + 7*v + 2. Let w(o) = -4*n(o) - 13*r(o). Give w(-5).
0
Let q(r) = r + 31. Let c be (-13201)/921 + 0 + (-5)/3. Give q(c).
15
Let j = 3 + -10. Let c(q) be the second derivative of q**5/20 + q**4/2 - 3*q**3/2 - 2*q**2 - 364*q. What is c(j)?
10
Let l(o) = 1 + 2*o + 3 + 2 + 6*o**2 - 3 + 1. Determine l(-3).
52
Let z(p) = -5*p**2 - p - 4. Suppose 2*b + 12*l + 2 = 14*l, 4*b + 20 = -4*l. What is z(b)?
-46
Let t(v) be the second derivative of -v**8/3360 - v**7/2520 - v**6/720 - v**5/120 + 13*v**4/4 - 72*v. Let h(w) be the third derivative of t(w). Calculate h(-1).
1
Let m(n) be the second derivative of n**5/5 - n**3/6 - n**2/2 - 8*n - 4. Let u = -11 - -15. Suppose k - 16 = -3*k + 5*s, -u*k - 20 = 4*s. Determine m(k).
-4
Let h(j) be the third derivative of -3*j**5/20 + j**4/12 + j**3/6 - j**2. Let p(o) = -o**3 + 6*o**2 - 5*o + 9. Let y be p(6). Let x = -22 - y. Determine h(x).
-10
Let b(k) = -3 + 4*k**2 - 1 + 11 + k**3 + 0*k + 3*k. Let t be (-2)/(-18)*6*54/(-12). Give b(t).
7
Let o = -1008 - -1012. Let v(u) = -3 + 1 - 2 + 7*u - 2*u. Give v(o).
16
Let n = 187 + -183. Let a(i) = -2 - 19*i + 9 + 20*i - 8 + n*i**2. Calculate a(-1).
2
Suppose 0 = -9*b - 6 - 39. Let o(j) be the first derivative of j**2 + 10*j + 8. Give o(b).
0
Let m(w) = -2*w**3 + 16*w**2 - 4*w + 20. Suppose -894 = -74*x - 302. What is m(x)?
-12
Suppose 4*c + 5*z = 8*z + 542, -3*z = 3*c - 396. Let d = c + -138. Let w(f) = -f + 1. Determine w(d).
5
Suppose 0*i - i - 4*b + 12 = 0, -b - 60 = -5*i. Let t(y) = i + 10 + y - 14 + 2*y. Give t(-6).
-10
Let j be (5/2)/(243/18 - 13). Let y(n) = -n**3 + 2*n - 5*n + n - 5 + 6*n**2. Give y(j).
10
Let s(m) be the second derivative of -m**4/6 - 5*m**3/6 + m**2 + 2*m. Let x = 6141 - 6138. Determine s(x).
-31
Let g(z) = 2*z**2 + 14*z + 11. Let o = -3501 - -3494. Give g(o).
11
Let h(y) = 11328238*y - 70 + 3*y**2 + y**2 - 11328249*y - 3*y**2. Calculate h(16).
10
Let q(r) = -r**2 + r + 1. Let a be q(2). Let s be (-3 + 2)*5*a. Suppose -h - 23 = h - s*m, 3*h + 5*m = 28. Let k(c) = -6*c**3 - c**2 - c + 1. Determine k(h).
-7
Let y(x) = -x**2 - 26*x - 90. Let f be y(-4). Let c(d) be the third derivative of -d**4/24 - 46*d**2 - 3. Give c(f).
2
Let n(q) = 135 - 15*q + 305 - 440. Let d be 2/8*-2*-2. Give n(d).
-15
Let i(r) be the third derivative of -r**5/60 + r**4/2 + 137*r**3/6 + 1250*r**2. Determine i(-7).
4
Let f(r) be the first derivative of 28*r**2 - 842*r + 8030. Calculate f(15).
-2
Let x(r) = r + 17. Let k be (0 - 20)/((-6)/12). Suppose 12*q = 11*q + k. Let l = q + -40. Determine x(l).
17
Let j(l) = -l**3 + 8*l**2 + l + 1. Let n be j(8). Let k(t) be the third derivative of t**5/60 - 5*t**4/24 - 11*t**3/6 + 13445*t**2. What is k(n)?
25
Let y(k) = 12*k + 51. Let j be (-24 - -18) + 6/3. What is y(j)?
3
Let n(w) = w**3 - 22*w**2 - 14*w + 243. Let g(r) = -r**3 + 23*r**2 + 16*r - 279. Let z(v) = -5*g(v) - 6*n(v). What is z(17)?
5
Let q(a) = a**3 + 49*a**2 + 94*a - 6. Let b be (-4)/54 + 805812/(-17172). Determine q(b).
-6
Let l(j) = j**3 - 9*j**2 - 7*j - 49. Let d be 2/1 + 5*14/10 + 1. Calculate l(d).
-19
Let u be 0/(-2*(5 + -1)/(-4)). Let z(d) = -5*d - 8. Let j(v) = 4*v + 10. Let c(l) = 4*j(l) + 3*z(l). What is c(u)?
16
Let d = 101 + -96. Let i(j) = -15*j**3 + 9*j**2 - j + 6. Let z(w) = w**3 - 2*w**2 - 1. Let x(u) = d*z(u) + i(u). Give x(1).
-11
Let j(q) = q**3 + 1446 - 3035 + 1595 - 5*q**2 - 9*q. What is j(6)?
-12
Suppose -10*a = -52*a + 5586. Let l(o) = -4*o - 5*o + a - 133. Determine l(2).
-18
Suppose h - 14 = 10. Let v(r) = -2*r**2 - 1 + h*r + r**2 - 24*r. Suppose 21*d + 26 = 47. What is v(d)?
-2
Suppose 0 = 3*b - 4*z + 665, 4*z = -4*b - 0*b - 924. Let d = -125 - b. Let p(a) = 49 - a**2 + a + 51 - d. What is p(2)?
-4
Let y(l) = -2*l - 17 + 9 - 55 + 16 + 7. What is y(-20)?
0
Let s(v) = -11*v**2 - v - 1. Let b be s(-1). Let z(u) = u**3 + 9*u**2 - 24*u - 29. Calculate z(b).
-7
Let n be 9*2*(3 + 32/(-12)). Let q be (-8 + (-6)/(-3))*4/n. Let i(k) = 3*k + 3. What is i(q)?
-9
Let f = 919 + -909. Let r(p) = 12 - p**3 - 7*p**2 - 6 + f*p - 1. Determine r(-8).
-11
Let f(g) be the third derivative of g**4/24 - 31*g**3/3 + g**2 - 190*g. Give f(0).
-62
Let b(y) be the first derivative of y**3/3 + 4*y**2 + 6*y - 154. Let g(w) be the first derivative of b(w). Calculate g(-6).
-4
Let p(i) = i**2 - 12*i + 41. Let g = 1279 - 1274. Calculate p(g).
6
Let n be (-18)/(-15)*65/3. Suppose 0 = -n*g - 17*g + 903. Let o(l) = -l**2 + 22*l - 14. Calculate o(g).
7
Let w(k) = -13*k + 5. Suppose 5*x - 2*n = 318 - 349, 47 = -5*x + 4*n. Determine w(x).
44
Let o(k) = 0*k + 15 + 0*k - 2*k. Suppose 0 = 118*p - 1044 - 254. Give o(p).
-7
Let x(n) = 36*n - 69*n + 7 + 24*n + 34*n. Calculate x(1).
32
Suppose -50*w = 6*b - 47*w - 18, 0 = 5*b - 4*w - 28. Let j(f) = -f**3 + 4*f**2 - 2*f + 20. Give j(b).
12
Let g(v) = v**2 + 11*v + 1. Suppose 2*k - 562 = 5*t - 115, -k + 231 = -t. Let q = -247 + k. Give g(q).
1
Suppose 5 = -4*a + 173. Suppose 224 = -14*m - 280. Let p = a + m. Let u(z) = -z - 7. Determine u(p).
-13
Let l(c) be the first derivative of -5*c**2 - 2*c + 2. Let q be (16 + 0)*(-301)/(-172). Suppose q*m + 83 - 27 = 0. What is l(m)?
18
Let i = -125 - -127. Let j(a) = a**3 + 4 - 13592*a**i + 13585*a**2 + 0. Calculate j(7).
4
Let s(z) be the second derivative of -z**5/20 - 11*z**4/12 + 11*z**3/6 + 15*z**2 - 12*z - 41. What is s(-12)?
42
Let u(f) be the second derivative of -f**5/20 + 13*f**4/6 + 13*f**3/3 + 16*f**2 - 1515*f - 2. What is u(27)?
5
Let v(t) = t**3 + 29*t**2 - 30*t - 10. Suppose -4*j - 108 = -3*c, -5*c = 2*j - 3*j - 10. Calculate v(j).
-10
Let h(n) = -n**3 + 12*n**2 - 9*n - 7. Let b be h(11). Let m(l) = -12*l - 13*l + 31*l + b - 8*l. Give m(10).
-5
Let b(f) = 4*f**2 + 2*f. Let i(s) = s**2 + s. Let o(u) = -3*b(u) + 6*i(u). Let z be 4/(-8) + (-9)/(-6). Determine o(z).
-6
Let k = 10190 - 10199. Let s(c) = c**2 + 15*c + 33. Determine s(k).
-21
Let l(t) = -334*t**2 + 94*t**2 + 8*t + t**3 + 250*t**2 - 7. Give l(-9).
2
Let p(w) be the first derivative of -3*w**2 - 102*w + 1572. Give p(-17).
0
Suppose -127*k - 4*t + 15 = -122*k, k = 2*t + 17. Let q(g) be the third derivative of g**5/60 - 5*g**4/24 - 5*g**3/3 + 3*g**2. Give q(k).
4
Suppose 5*p - 53*i = -58*i - 15, p - 1 = 3*i. Let y(t) = 3 - 4 - 1 + 1 - 5*t. Calculate y(p).
9
Let z(u) = u**3 - 16*u**2 - 18*u + 12. Let b be (2/(-4))/(8/816). Let y = 68 + b. Let c be z(y). Let d(r) = r**3 + 6*r**2 + 7*r + 4. Determine d(c).
-6
Let x(d) be the third derivative of -3*d**4/8 - 117*d**3/2 + 1162*d**2 - 6*d. Give x(-36).
-27
Let p(i) be the second derivative of i**4/12 - 7*i**3/6 + 123*i**2/2 - i + 37. Let x(s) be the first derivative of p(s). What is x(6)?
5
Suppose -n + 63 = 5*k - 24, -n = 3*k - 55. Let r(f) = -3*f + 72. What is r(k)?
24
Let j(t) = -12*t + 3. Let b = -4386 - -4387. Determine j(b).
-9
Let k(v) be the first derivative of 11/3*v**3 - 7/12*v**4 + 0*v**2 + 1/120*v**5 + 2 + 0*v. Let a(t) be the third derivative of k(t). What is a(7)?
-7
Suppose 0 = -20*w + 25*w + 3*j - 30, 0 = 5*j + 25. Let a(y) = w*y - 42*y + 34*y + 8. Determine a(-13).
-5
Let x be 135/3 + (-13 - -11). Let a(k) = 33 + x - 90 - k. Calcu